549?
0
What is the millions digit of 26661310?
6
What is the tens digit of 761427136?
3
What is the units digit of 109480667?
7
What is the thousands digit of 984001964?
1
What is the ten millions digit of 468569872?
6
What is the units digit of 39999783?
3
What is the units digit of 627298379?
9
What is the millions digit of 103624978?
3
What is the thousands digit of 256957748?
7
What is the thousands digit of 6394373941?
3
What is the tens digit of 1241319850?
5
What is the hundreds digit of 415200468?
4
What is the units digit of 9268972?
2
What is the millions digit of 125321674?
5
What is the hundred thousands digit of 18445895?
4
What is the tens digit of 15095949?
4
What is the millions digit of 1956750214?
6
What is the millions digit of 968864144?
8
What is the hundred thousands digit of 63089011?
0
What is the ten millions digit of 2190973079?
9
What is the thousands digit of 121880109?
0
What is the thousands digit of 24359539?
9
What is the ten thousands digit of 284364706?
6
What is the ten thousands digit of 54184955?
8
What is the millions digit of 1693072224?
3
What is the units digit of 26988720?
0
What is the ten millions digit of 25299661?
2
What is the billions digit of 2583599435?
2
What is the hundreds digit of 393301812?
8
What is the units digit of 172425310?
0
What is the millions digit of 32721195?
2
What is the ten millions digit of 882992146?
8
What is the hundred millions digit of 385202694?
3
What is the hundred thousands digit of 541109940?
1
What is the ten millions digit of 451763163?
5
What is the tens digit of 747003471?
7
What is the ten millions digit of 55303970?
5
What is the hundreds digit of 1457269057?
0
What is the hundred thousands digit of 22023278?
0
What is the hundred thousands digit of 103610874?
6
What is the ten millions digit of 117100676?
1
What is the hundred thousands digit of 121524245?
5
What is the ten millions digit of 66742754?
6
What is the thousands digit of 122927612?
7
What is the billions digit of 1106294883?
1
What is the millions digit of 3408206348?
8
What is the thousands digit of 371085150?
5
What is the ten thousands digit of 2465010370?
1
What is the hundred thousands digit of 4390486?
3
What is the thousands digit of 420166266?
6
What is the millions digit of 243543300?
3
What is the thousands digit of 111882167?
2
What is the units digit of 9409227?
7
What is the ten millions digit of 1332523373?
3
What is the thousands digit of 4321458?
1
What is the billions digit of 1500080822?
1
What is the tens digit of 65281231?
3
What is the millions digit of 184477769?
4
What is the millions digit of 204063633?
4
What is the hundred thousands digit of 324858766?
8
What is the tens digit of 2088817532?
3
What is the millions digit of 60172338?
0
What is the ten millions digit of 91007594?
9
What is the hundred thousands digit of 86765169?
7
What is the hundreds digit of 10303620?
6
What is the thousands digit of 3395704?
5
What is the millions digit of 371776868?
1
What is the millions digit of 143741240?
3
What is the ten millions digit of 2012993092?
1
What is the tens digit of 1567480419?
1
What is the millions digit of 46908487?
6
What is the ten millions digit of 797603293?
9
What is the ten millions digit of 2715150899?
1
What is the thousands digit of 80377689?
7
What is the units digit of 911083348?
8
What is the hundred thousands digit of 319568612?
5
What is the ten thousands digit of 25142231?
4
What is the hundred thousands digit of 99353446?
3
What is the hundred thousands digit of 1415504942?
5
What is the tens digit of 77861026?
2
What is the hundred millions digit of 4034663042?
0
What is the hundred thousands digit of 15171107?
1
What is the tens digit of 541514877?
7
What is the tens digit of 17386864?
6
What is the hundreds digit of 55817486?
4
What is the hundred millions digit of 545786604?
5
What is the tens digit of 5510025632?
3
What is the ten millions digit of 499310665?
9
What is the ten millions digit of 3497789893?
9
What is the thousands digit of 313381095?
1
What is the thousands digit of 41393402?
3
What is the hundred millions digit of 3915542063?
9
What is the ten millions digit of 2397943233?
9
What is the units digit of 34644219?
9
What is the ten thousands digit of 24425227?
2
What is the tens digit of 194557632?
3
What is the hundreds digit of 349145312?
3
What is the units digit of 626157844?
4
What is the ten thousands digit of 4867309885?
0
What is the hundred millions digit of 171535465?
1
What is the units digit of 154202710?
0
What is the tens digit of 3977290?
9
What is the hundreds digit of 376038272?
2
What is the ten millions digit of 765812945?
6
What is the hundred thousands digit of 7651540?
6
What is the thousands digit of 824459150?
9
What is the millions digit of 55917163?
5
What is the units digit of 59450239?
9
What is the ten thousands digit of 206972387?
7
What is the units digit of 6329314873?
3
What is the ten thousands digit of 136418790?
1
What is the ten thousands digit of 5848303784?
0
What is the hundred millions digit of 168555471?
1
What is the tens digit of 122716822?
2
What is the tens digit of 851065979?
7
What is the units digit of 72405335?
5
What is the thousands digit of 1239026823?
6
What is the tens digit of 387682170?
7
What is the millions digit of 168411895?
8
What is the thousands digit of 197770?
7
What is the thousands digit of 41497683?
7
What is the tens digit of 75548862?
6
What is the ten millions digit of 98391452?
9
What is the ten thousands digit of 373023298?
2
What is the billions digit of 1668831628?
1
What is the thousands digit of 160238478?
8
What is the ten millions digit of 2832578483?
3
What is the hundreds digit of 3807907724?
7
What is the hundreds digit of 21779307?
3
What is the hundreds digit of 103792062?
0
What is the tens digit of 359317758?
5
What is the ten thousands digit of 45745794?
4
What is the hundred thousands digit of 75357740?
3
What is the hundreds digit of 2573752470?
4
What is the units digit of 1436607352?
2
What is the hundred thousands digit of 17192256?
1
What is the units digit of 22770642?
2
What is the ten millions digit of 133156170?
3
What is the tens digit of 73649666?
6
What is the units digit of 47972342?
2
What is the ten millions digit of 859266814?
5
What is the hundred thousands digit of 15442130?
4
What is the tens digit of 307462587?
8
What is the hundred thousands digit of 40609367?
6
What is the ten thousands digit of 545638543?
3
What is the ten thousands digit of 6492964609?
6
What is the ten thousands digit of 45723890?
2
What is the hundred millions digit of 117446983?
1
What is the thousands digit of 1762633360?
3
What is the tens digit of 51438802?
0
What is the tens digit of 286724375?
7
What is the millions digit of 275440316?
5
What is the units digit of 39035166?
6
What is the ten millions digit of 4471428371?
7
What is the ten millions digit of 1558743621?
5
What is the hundreds digit of 325302801?
8
What is the thousands digit of 4932980913?
0
What is the tens digit of 34225730?
3
What is the hundreds digit of 463443503?
5
What is the ten thousands digit of 34823610?
2
What is the ten thousands digit of 261684632?
8
What is the hundred thousands digit of 845155067?
1
What is the ten thousands digit of 127996077?
9
What is the hundreds digit of 240262854?
8
What is the units digit of 2017592525?
5
What is the millions digit of 51669446?
1
What is the millions digit of 1747932993?
7
What is the tens digit of 42631626?
2
What is the hundred thousands digit of 1565746988?
7
What is the tens digit of 712761807?
0
What is the billions digit of 1512607308?
1
What is the millions digit of 282002881?
2
What is the thousands digit of 184901153?
1
What is the thousands digit of 109087053?
7
What is the tens digit of 183099737?
3
What is the millions digit of 48946494?
8
What is the hundreds digit of 5947728?
7
What is the hundreds digit of 3466958279?
2
What is the millions digit of 281830923?
1
What is the millions digit of 90169449?
0
What is the ten thousands digit of 1082436835?
3
What is the ten thousands digit of 1449882177?
8
What is the ten millions digit of 156705935?
5
What is the ten thousands digit of 239430383?
3
What is th